 is divided by 4799?
4526
What is the remainder when 788416 is divided by 45?
16
What is the remainder when 178329802 is divided by 37?
14
Calculate the remainder when 869093 is divided by 710.
53
What is the remainder when 14004853 is divided by 36?
25
Calculate the remainder when 3564383 is divided by 29.
22
What is the remainder when 97793 is divided by 97729?
64
What is the remainder when 7143649 is divided by 967?
420
What is the remainder when 26584601 is divided by 55850?
1
Calculate the remainder when 5543231 is divided by 1114.
1081
What is the remainder when 630226 is divided by 105?
16
Calculate the remainder when 789771 is divided by 7174.
631
Calculate the remainder when 3556021 is divided by 164.
9
Calculate the remainder when 33388747 is divided by 33.
7
Calculate the remainder when 1528721 is divided by 1528697.
24
What is the remainder when 21309215 is divided by 12?
11
Calculate the remainder when 395683410 is divided by 47.
45
Calculate the remainder when 276363065 is divided by 87.
83
What is the remainder when 178043 is divided by 88992?
59
Calculate the remainder when 8609136 is divided by 5962.
8
Calculate the remainder when 322994 is divided by 305.
304
What is the remainder when 800014 is divided by 3494?
3382
Calculate the remainder when 20106 is divided by 96.
42
What is the remainder when 83502815 is divided by 13917134?
11
Calculate the remainder when 88537 is divided by 2763.
121
Calculate the remainder when 40033 is divided by 19687.
659
What is the remainder when 24471944 is divided by 9537?
2
Calculate the remainder when 689777 is divided by 6328.
25
What is the remainder when 481638 is divided by 8013?
858
What is the remainder when 4846228 is divided by 323081?
13
What is the remainder when 66961569 is divided by 12?
9
Calculate the remainder when 24445915 is divided by 734.
45
Calculate the remainder when 37538842 is divided by 4486.
4480
What is the remainder when 310972 is divided by 53?
21
Calculate the remainder when 239148 is divided by 14944.
44
What is the remainder when 45722 is divided by 45495?
227
Calculate the remainder when 55567913 is divided by 167.
166
What is the remainder when 163622 is divided by 53987?
1661
What is the remainder when 115767 is divided by 57218?
1331
What is the remainder when 456304 is divided by 542?
482
Calculate the remainder when 22394348 is divided by 29583.
17
Calculate the remainder when 159658 is divided by 79800.
58
What is the remainder when 100460382 is divided by 344?
342
What is the remainder when 2098371 is divided by 1974?
9
Calculate the remainder when 139070 is divided by 34725.
170
What is the remainder when 10586862 is divided by 35?
27
What is the remainder when 4854194 is divided by 8777?
513
Calculate the remainder when 392502 is divided by 11544.
6
Calculate the remainder when 657301 is divided by 218645.
1366
Calculate the remainder when 5085309 is divided by 76.
73
What is the remainder when 3811 is divided by 3610?
201
Calculate the remainder when 14141 is divided by 3077.
1833
Calculate the remainder when 4330626 is divided by 2944.
2
What is the remainder when 11726942 is divided by 85598?
16
What is the remainder when 186969 is divided by 223?
95
What is the remainder when 8651 is divided by 3912?
827
What is the remainder when 212217 is divided by 128?
121
Calculate the remainder when 153140 is divided by 76483.
174
What is the remainder when 143013 is divided by 142970?
43
What is the remainder when 707826 is divided by 2974?
14
What is the remainder when 4757039 is divided by 159?
77
Calculate the remainder when 184753 is divided by 14193.
244
What is the remainder when 1277256 is divided by 1325?
1281
Calculate the remainder when 132581 is divided by 822.
239
What is the remainder when 108258 is divided by 176?
18
What is the remainder when 62761 is divided by 634?
629
What is the remainder when 255849 is divided by 63961?
5
What is the remainder when 80405627 is divided by 201?
200
What is the remainder when 2683195 is divided by 600?
595
Calculate the remainder when 61446 is divided by 54.
48
Calculate the remainder when 690480 is divided by 68280.
7680
What is the remainder when 4161958 is divided by 1440?
358
Calculate the remainder when 701917995 is divided by 51.
48
What is the remainder when 266987 is divided by 138?
95
Calculate the remainder when 9729 is divided by 1840.
529
Calculate the remainder when 56640539 is divided by 215.
79
What is the remainder when 23948116 is divided by 23948111?
5
What is the remainder when 187275 is divided by 156?
75
Calculate the remainder when 30026 is divided by 5099.
4531
Calculate the remainder when 36519295 is divided by 3494.
7
What is the remainder when 51129 is divided by 5672?
81
What is the remainder when 651579 is divided by 1285?
84
What is the remainder when 4761328 is divided by 24?
16
Calculate the remainder when 16086116 is divided by 9.
2
What is the remainder when 71571946 is divided by 49?
47
What is the remainder when 7161870 is divided by 88?
78
Calculate the remainder when 90977723 is divided by 90977717.
6
Calculate the remainder when 259774 is divided by 1296.
574
What is the remainder when 1056295 is divided by 36419?
144
Calculate the remainder when 13923 is divided by 2389.
1978
Calculate the remainder when 9730 is divided by 2337.
382
Calculate the remainder when 5371597 is divided by 117.
10
Calculate the remainder when 268027 is divided by 9406.
4659
Calculate the remainder when 1300643 is divided by 12270.
23
Calculate the remainder when 525444 is divided by 63.
24
What is the remainder when 40667290 is divided by 3480?
10
What is the remainder when 86293687 is divided by 121?
117
Calculate the remainder when 1601212 is divided by 349.
0
What is the remainder when 151859 is divided by 3182?
2305
Calculate the remainder when 4034620 is divided by 203.
198
What is the remainder when 2870847 is divided by 42215?
227
Calculate the remainder when 120094 is divided by 9928.
958
Calculate the remainder when 327767 is divided by 393.
5
Calculate the remainder when 109837 is divided by 5487.
97
Calculate the remainder when 132965 is divided by 1079.
248
Calculate the remainder when 592240 is divided by 1722.
1594
What is the remainder when 2139991 is divided by 267?
253
What is the remainder when 212496333 is divided by 312?
309
What is the remainder when 4450082 is divided by 2680?
1282
What is the remainder when 3032 is divided by 503?
14
Calculate the remainder when 34672 is divided by 11243.
943
What is the remainder when 794201 is divided by 217?
198
What is the remainder when 75879 is divided by 75669?
210
Calculate the remainder when 94893763 is divided by 101.
21
What is the remainder when 175269 is divided by 10?
9
What is the remainder when 323971 is divided by 23?
16
Calculate the remainder when 3272649 is divided by 227.
217
Calculate the remainder when 244177 is divided by 749.
3
What is the remainder when 16898625 is divided by 3379725?
0
What is the remainder when 1860933 is divided by 587?
143
What is the remainder when 89910 is divided by 1943?
532
What is the remainder when 141234 is divided by 426?
228
What is the remainder when 123953 is divided by 61414?
1125
What is the remainder when 8708999 is divided by 96?
71
What is the remainder when 42963894 is divided by 350?
344
Calculate the remainder when 32639 is divided by 11580.
9479
What is the remainder when 126697866 is divided by 54?
42
Calculate the remainder when 1499866 is divided by 374865.
406
What is the remainder when 13015134 is divided by 411?
408
Calculate the remainder when 925081 is divided by 1600.
281
What is the remainder when 2145002 is divided by 6520?
6442
Calculate the remainder when 28537427 is divided by 19.
16
What is the remainder when 375937 is divided by 93673?
1245
Calculate the remainder when 116285 is divided by 260.
65
What is the remainder when 3458772 is divided by 15580?
12
What is the remainder when 9308921 is divided by 42?
41
Calculate the remainder when 1933428 is divided by 148679.
601
Calculate the remainder when 6905316 is divided by 38.
32
What is the remainder when 5380195 is divided by 3245?
3230
What is the remainder when 741680 is divided by 92697?
104
Ca